 is the remainder when 53718316 is divided by 31?
28
What is the remainder when 7311110 is divided by 3655550?
10
What is the remainder when 32828391 is divided by 104217?
36
What is the remainder when 10799807 is divided by 452?
171
Calculate the remainder when 14305080 is divided by 1589445.
75
Calculate the remainder when 12204269 is divided by 2106.
2105
Calculate the remainder when 5501980 is divided by 66.
22
Calculate the remainder when 2553900 is divided by 159599.
316
Calculate the remainder when 505507 is divided by 653.
85
What is the remainder when 10323204 is divided by 1190?
1144
Calculate the remainder when 45222 is divided by 1602.
366
Calculate the remainder when 250118 is divided by 1962.
944
What is the remainder when 14347199 is divided by 488?
487
What is the remainder when 982096 is divided by 57769?
23
Calculate the remainder when 56737295 is divided by 408.
407
Calculate the remainder when 276835 is divided by 8135.
245
What is the remainder when 15717971 is divided by 108?
83
What is the remainder when 72053 is divided by 17738?
1101
What is the remainder when 8779364 is divided by 35?
34
Calculate the remainder when 2470893 is divided by 823610.
63
What is the remainder when 1021690 is divided by 145946?
68
What is the remainder when 47886 is divided by 129?
27
What is the remainder when 1211530 is divided by 1301?
299
Calculate the remainder when 5321799 is divided by 649.
648
What is the remainder when 40983 is divided by 1220?
723
Calculate the remainder when 998838 is divided by 124239.
4926
What is the remainder when 101544673 is divided by 10549?
10548
Calculate the remainder when 1001750 is divided by 751.
667
What is the remainder when 17000587 is divided by 8500284?
19
Calculate the remainder when 576900 is divided by 1032.
12
Calculate the remainder when 15172 is divided by 4700.
1072
What is the remainder when 776673 is divided by 20?
13
What is the remainder when 31643987 is divided by 1399?
6
What is the remainder when 936217 is divided by 313?
34
What is the remainder when 493333 is divided by 70469?
50
Calculate the remainder when 41784820 is divided by 1643.
44
What is the remainder when 102625885 is divided by 15?
10
Calculate the remainder when 943364 is divided by 19652.
68
What is the remainder when 30912 is divided by 4192?
1568
Calculate the remainder when 153385 is divided by 941.
2
What is the remainder when 789196 is divided by 13831?
829
Calculate the remainder when 568276 is divided by 6939.
6217
What is the remainder when 2171375 is divided by 26480?
15
Calculate the remainder when 37649 is divided by 37576.
73
Calculate the remainder when 328787 is divided by 19338.
41
What is the remainder when 5249892 is divided by 141888?
36
What is the remainder when 60346 is divided by 226?
4
Calculate the remainder when 942496 is divided by 28.
16
What is the remainder when 13720883 is divided by 1524525?
158
Calculate the remainder when 978742 is divided by 1465.
122
What is the remainder when 74490 is divided by 280?
10
Calculate the remainder when 8691988 is divided by 392.
172
What is the remainder when 25609247 is divided by 25?
22
Calculate the remainder when 1889423 is divided by 1130.
63
What is the remainder when 224334 is divided by 524?
62
Calculate the remainder when 16854663 is divided by 2809105.
33
Calculate the remainder when 23941 is divided by 1002.
895
Calculate the remainder when 31878 is divided by 7568.
1606
What is the remainder when 238564 is divided by 184?
100
What is the remainder when 2264867 is divided by 36?
35
What is the remainder when 118686 is divided by 7002?
6654
What is the remainder when 10022276 is divided by 16403?
43
What is the remainder when 3446071 is divided by 220?
211
What is the remainder when 147500 is divided by 307?
140
What is the remainder when 10574249 is divided by 633?
617
What is the remainder when 936895 is divided by 703?
499
What is the remainder when 4871549 is divided by 339?
119
Calculate the remainder when 2597495 is divided by 564.
275
What is the remainder when 2743013 is divided by 15?
8
Calculate the remainder when 47983 is divided by 2080.
143
What is the remainder when 368692 is divided by 184339?
14
What is the remainder when 112961 is divided by 203?
93
What is the remainder when 4327769 is divided by 4327741?
28
What is the remainder when 8548571 is divided by 358?
247
Calculate the remainder when 62659717 is divided by 269.
202
What is the remainder when 139362973 is divided by 4632?
4621
Calculate the remainder when 10076 is divided by 3353.
17
What is the remainder when 4393900 is divided by 32?
12
What is the remainder when 1742388 is divided by 28?
4
Calculate the remainder when 514807 is divided by 4.
3
Calculate the remainder when 229081 is divided by 43.
20
What is the remainder when 40833 is divided by 346?
5
Calculate the remainder when 68040 is divided by 33723.
594
Calculate the remainder when 4560687 is divided by 2280298.
91
What is the remainder when 9219126 is divided by 105966?
84
Calculate the remainder when 1375616 is divided by 621.
101
What is the remainder when 2053531 is divided by 26?
25
What is the remainder when 3750803 is divided by 5?
3
Calculate the remainder when 3805580 is divided by 2484.
92
What is the remainder when 227211 is divided by 13155?
3576
Calculate the remainder when 2911 is divided by 22.
7
Calculate the remainder when 1417531 is divided by 965.
911
What is the remainder when 20701750 is divided by 1252?
1182
Calculate the remainder when 107993 is divided by 202.
125
Calculate the remainder when 1862827 is divided by 277.
2
What is the remainder when 34892 is divided by 1010?
552
What is the remainder when 905924 is divided by 82339?
195
What is the remainder when 6908474 is divided by 19?
17
What is the remainder when 84983483 is divided by 10622933?
19
Calculate the remainder when 385817538 is divided by 252.
246
What is the remainder when 183817 is divided by 213?
211
Calculate the remainder when 9677 is divided by 8571.
1106
Calculate the remainder when 283286 is divided by 14162.
46
What is the remainder when 124722 is divided by 15?
12
What is the remainder when 139659531 is divided by 203?
200
Calculate the remainder when 211110906 is divided by 36455.
1
Calculate the remainder when 432268 is divided by 144078.
34
Calculate the remainder when 2593867 is divided by 36023.
211
What is the remainder when 31334 is divided by 406?
72
Calculate the remainder when 2465177 is divided by 129741.
98
What is the remainder when 201366928 is divided by 30?
28
What is the remainder when 837799 is divided by 424?
399
Calculate the remainder when 633129 is divided by 1764.
1617
What is the remainder when 943627 is divided by 462?
223
What is the remainder when 286915 is divided by 2889?
904
Calculate the remainder when 6685874 is divided by 58138.
4
Calculate the remainder when 98871 is divided by 1552.
1095
Calculate the remainder when 1933225 is divided by 1349.
108
Calculate the remainder when 15387111 is divided by 480847.
7
Calculate the remainder when 461336 is divided by 412.
308
Calculate the remainder when 12594435 is divided by 111455.
20
What is the remainder when 3776065 is divided by 57?
43
Calculate the remainder when 55130 is divided by 4118.
1596
What is the remainder when 18255 is divided by 17589?
666
What is the remainder when 1528670 is divided by 1115?
5
Calculate the remainder when 3842003 is divided by 119.
88
What is the remainder when 9635 is divided by 786?
203
Calculate the remainder when 2745525 is divided by 1843.
1298
What is the remainder when 4981957 is divided by 830321?
31
What is the remainder when 677 is divided by 506?
171
Calculate the remainder when 4544 is divided by 2228.
88
Calculate the remainder when 8946902 is divided by 14.
6
What is the remainder when 8865372 is divided by 23?
22
Calculate the remainder when 170335 is divided by 2215.
1995
Calculate the remainder when 869599620 is divided by 11279.
11278
Calculate the remainder when 595923 is divided by 294.
279
Calculate the remainder when 3720492 is divided by 403.
399
What is the remainder when 111757 is divided by 1698?
1387
Calculate the remainder when 426779 is divided by 17768.
347
Cal